reatest common factor of 311293528 and 136.
136
Calculate the highest common divisor of 336 and 142644656.
112
What is the greatest common factor of 3384 and 3838960?
376
Calculate the highest common factor of 40 and 3660576.
8
What is the greatest common factor of 168670255 and 65?
65
What is the highest common divisor of 381395 and 259?
7
What is the highest common divisor of 182 and 5579626?
26
What is the highest common factor of 4446 and 84565998?
342
Calculate the highest common factor of 4379 and 438153982.
4379
What is the greatest common factor of 249505 and 99385?
695
Calculate the highest common divisor of 12 and 110263548.
12
Calculate the greatest common factor of 540142 and 26.
2
Calculate the highest common factor of 13075 and 4233685.
2615
Calculate the highest common factor of 9211960 and 360.
40
What is the greatest common divisor of 81010811 and 521?
521
Calculate the greatest common divisor of 5296 and 351.
1
What is the highest common divisor of 67 and 748859?
67
What is the greatest common divisor of 596 and 34263742?
298
Calculate the greatest common divisor of 424742 and 10209836.
8014
What is the highest common factor of 175 and 9973250?
175
What is the greatest common divisor of 360 and 18848360?
40
Calculate the highest common divisor of 12252 and 566238.
6
Calculate the highest common divisor of 37400 and 2000.
200
Calculate the greatest common factor of 174101446 and 418.
38
What is the greatest common divisor of 52 and 86211281?
13
Calculate the greatest common divisor of 16133188 and 284.
284
Calculate the highest common divisor of 25044689 and 3026.
1513
Calculate the highest common divisor of 4333 and 266137193.
4333
What is the highest common divisor of 51 and 2551036116?
51
Calculate the highest common divisor of 10560 and 15587520.
960
What is the highest common factor of 65713725 and 175?
175
Calculate the highest common divisor of 200320 and 136082384.
5008
Calculate the greatest common factor of 863956 and 22532.
172
What is the greatest common factor of 2514720 and 26780?
260
Calculate the highest common divisor of 46640 and 110679635.
2915
What is the highest common factor of 466 and 15014287?
233
What is the highest common divisor of 6050 and 26985475?
275
Calculate the greatest common divisor of 24 and 120878208.
24
Calculate the highest common factor of 20372904 and 24.
24
What is the greatest common factor of 1391221 and 171392?
1339
What is the greatest common divisor of 229148126 and 92?
46
Calculate the highest common divisor of 2316 and 21169977.
579
Calculate the greatest common factor of 13975120 and 4720.
80
Calculate the highest common factor of 2022 and 725224.
674
What is the highest common factor of 5075842 and 1330139?
3947
What is the highest common divisor of 2 and 9104?
2
What is the greatest common divisor of 11140 and 116589012?
2228
What is the greatest common factor of 335231 and 2782?
1391
What is the greatest common divisor of 465 and 482810?
5
What is the highest common divisor of 126234 and 114?
6
What is the greatest common factor of 166149355 and 115?
115
Calculate the greatest common divisor of 42 and 168960414.
42
What is the greatest common factor of 27429 and 4551?
123
What is the highest common divisor of 2670 and 203730?
30
Calculate the greatest common divisor of 518 and 14816354.
518
What is the highest common divisor of 220069 and 11221?
229
Calculate the highest common divisor of 462 and 48782118.
462
What is the highest common divisor of 22796 and 62812?
164
Calculate the greatest common divisor of 2727 and 10267963.
101
What is the greatest common factor of 135864 and 543384?
72
What is the highest common divisor of 284 and 331299774?
142
What is the greatest common factor of 1248277932 and 1188?
1188
What is the greatest common factor of 66276 and 539532?
252
Calculate the highest common divisor of 360 and 2983592.
8
Calculate the greatest common divisor of 135144 and 33576.
24
What is the highest common factor of 7889 and 3681076?
343
What is the greatest common factor of 3691930 and 2?
2
What is the greatest common divisor of 39789 and 231777?
9
What is the highest common factor of 6001 and 50126?
353
Calculate the highest common factor of 1861731 and 350595.
1431
Calculate the highest common divisor of 912529 and 3160.
79
What is the greatest common divisor of 6256 and 16530256?
272
What is the highest common divisor of 2621107 and 31825?
1273
Calculate the greatest common factor of 9478 and 95145580.
1354
Calculate the greatest common divisor of 2269606586 and 6604.
3302
Calculate the greatest common divisor of 30600 and 14161425.
1275
What is the highest common factor of 185057104 and 2232?
248
What is the highest common factor of 68829040 and 1120?
560
What is the greatest common divisor of 624 and 83396352?
624
What is the highest common factor of 144 and 528537456?
144
What is the greatest common factor of 351799 and 15631?
203
What is the highest common divisor of 6476 and 201568?
4
Calculate the greatest common factor of 12384694 and 10.
2
Calculate the highest common divisor of 11630 and 7725.
5
Calculate the highest common divisor of 9 and 14221971.
9
What is the greatest common factor of 31219942 and 1066?
1066
Calculate the greatest common divisor of 13 and 2337309.
13
Calculate the greatest common factor of 4257216 and 11670.
2334
What is the highest common divisor of 77468964 and 12?
12
Calculate the greatest common factor of 282662 and 286240.
3578
What is the greatest common factor of 67963 and 2008?
1
Calculate the greatest common factor of 43358928 and 36.
12
Calculate the highest common factor of 196 and 7451626.
98
Calculate the highest common divisor of 30 and 103329285.
15
What is the highest common factor of 1590 and 410880?
30
Calculate the greatest common divisor of 988 and 2135068.
988
What is the highest common factor of 159075 and 12915?
315
What is the greatest common factor of 1684 and 55969003?
421
Calculate the highest common divisor of 1975859 and 2201.
71
Calculate the highest common divisor of 1534 and 645047.
767
What is the greatest common divisor of 157712 and 104?
8
Calculate the greatest common factor of 7 and 147475069.
7
What is the greatest common divisor of 161557 and 6017?
11
Calculate the greatest common factor of 1469 and 52622744.
113
Calculate the greatest common factor of 4755532 and 6509.
283
Calculate the highest common divisor of 475 and 82625.
25
Calculate the highest common divisor of 103931 and 150242.
43
What is the highest common factor of 4260 and 120364596?
852
What is the greatest common divisor of 11457 and 69165306?
603
What is the greatest common divisor of 3228 and 36688641?
807
What is the greatest common factor of 30 and 848157900?
30
What is the highest common factor of 78790 and 370?
10
What is the greatest common divisor of 24518 and 4324598?
1886
What is the highest common divisor of 1825655 and 38870?
65
What is the highest common factor of 15 and 1609557?
3
Calculate the greatest common divisor of 37 and 603241969.
37
Calculate the highest common factor of 52678267 and 303.
101
Calculate the highest common divisor of 1913155280 and 8.
8
What is the greatest common divisor of 2157018 and 1222?
94
Calculate the greatest common factor of 9614209 and 242.
11
Calculate the highest common factor of 7091392 and 463232.
4928
What is the greatest common divisor of 1443280 and 3200?
80
What is the highest common divisor of 7771015 and 1610?
35
What is the highest common factor of 1683 and 209100?
51
What is the greatest common divisor of 252 and 164964?
12
Calculate the highest common divisor of 197568 and 8741208.
1176
What is the greatest common divisor of 17081 and 1737607?
19
Calculate the highest common divisor of 921550 and 1850.
50
What is the greatest common divisor of 14335690 and 2280?
190
Calculate the highest common factor of 315 and 12020960.
35
Calculate the highest common divisor of 23856 and 492198.
42
Calculate the greatest common divisor of 1074374670 and 510.
510
What is the highest common factor of 628 and 263019588?
628
What is the highest common divisor of 228064 and 2768?
16
Calculate the greatest common divisor of 152308 and 102414.
2626
Calculate the highest common fac